 is -102 (base 3) in base 7?
-14
Convert -33 (base 16) to base 2.
-110011
152 (base 7) to base 11
79
What is 0 (base 7) in base 11?
0
14 (base 7) to base 9
12
What is -40 (base 8) in base 7?
-44
3 (base 4) to base 5
3
What is 6 (base 8) in base 12?
6
What is 20 (base 16) in base 13?
26
What is -e (base 16) in base 7?
-20
-58 (base 11) to base 16
-3f
154 (base 7) to base 3
10021
Convert -27 (base 8) to base 13.
-1a
Convert 16 (base 7) to base 6.
21
55 (base 16) to base 7
151
20 (base 15) to base 6
50
Convert -314 (base 6) to base 12.
-9a
Convert 3 (base 13) to base 16.
3
213 (base 5) to base 7
112
What is 2a (base 15) in base 6?
104
-313 (base 7) to base 4
-2131
23 (base 6) to base 16
f
What is -74 (base 15) in base 4?
-1231
-212 (base 3) to base 11
-21
Convert 100 (base 4) to base 13.
13
Convert 32 (base 6) to base 15.
15
Convert -13 (base 5) to base 3.
-22
Convert 1010 (base 2) to base 14.
a
What is -3 (base 14) in base 12?
-3
Convert -1 (base 15) to base 10.
-1
What is -10 (base 4) in base 10?
-4
What is 1 (base 9) in base 2?
1
What is 104 (base 10) in base 2?
1101000
What is 11 (base 4) in base 15?
5
What is 106 (base 10) in base 15?
71
Convert 4 (base 9) to base 4.
10
-4 (base 10) to base 13
-4
Convert -86 (base 9) to base 5.
-303
What is 100 (base 6) in base 13?
2a
What is 5 (base 11) in base 5?
10
3 (base 10) to base 15
3
3 (base 13) to base 5
3
0 (base 15) to base 8
0
What is -11 (base 4) in base 11?
-5
-113 (base 4) to base 2
-10111
Convert -110 (base 6) to base 9.
-46
-101 (base 3) to base 12
-a
Convert -1a3 (base 11) to base 7.
-453
Convert 124 (base 14) to base 16.
e4
What is -3 (base 14) in base 13?
-3
6 (base 9) to base 6
10
Convert 220 (base 4) to base 11.
37
What is 2 (base 13) in base 15?
2
-1310 (base 4) to base 7
-224
What is -15c (base 13) in base 5?
-1441
Convert 3 (base 8) to base 11.
3
200 (base 4) to base 2
100000
What is 49 (base 14) in base 3?
2102
Convert 21 (base 7) to base 15.
10
Convert -10 (base 7) to base 12.
-7
Convert -10 (base 3) to base 8.
-3
What is a (base 14) in base 11?
a
Convert -147 (base 8) to base 2.
-1100111
What is -11 (base 10) in base 11?
-10
33 (base 5) to base 3
200
224 (base 5) to base 8
100
Convert 0 (base 2) to base 10.
0
-4 (base 14) to base 16
-4
8 (base 9) to base 11
8
Convert -10 (base 10) to base 4.
-22
What is 0 (base 3) in base 10?
0
1 (base 4) to base 7
1
Convert -2 (base 14) to base 5.
-2
Convert -1 (base 6) to base 5.
-1
Convert 4 (base 9) to base 4.
10
What is 136 (base 7) in base 5?
301
Convert -4 (base 7) to base 5.
-4
65 (base 11) to base 8
107
-2 (base 3) to base 14
-2
Convert -a (base 12) to base 2.
-1010
What is 101010010 (base 2) in base 9?
415
Convert -2 (base 3) to base 11.
-2
5 (base 6) to base 8
5
0 (base 2) to base 12
0
Convert -128 (base 9) to base 4.
-1223
-100 (base 4) to base 6
-24
Convert 3 (base 12) to base 14.
3
Convert 3 (base 6) to base 11.
3
What is -4 (base 13) in base 14?
-4
30 (base 10) to base 15
20
Convert 0 (base 3) to base 9.
0
What is 4 (base 9) in base 14?
4
Convert 5 (base 14) to base 4.
11
Convert -42 (base 10) to base 9.
-46
What is -101 (base 4) in base 3?
-122
-59 (base 12) to base 7
-126
Convert 2 (base 3) to base 15.
2
What is 22 (base 6) in base 5?
24
74 (base 10) to base 2
1001010
What is 95 (base 10) in base 7?
164
Convert -4 (base 16) to base 7.
-4
What is -8 (base 9) in base 16?
-8
Convert -243 (base 5) to base 2.
-1001001
167 (base 8) to base 14
87
What is -37 (base 9) in base 10?
-34
7 (base 13) to base 2
111
What is -3 (base 9) in base 11?
-3
What is -10 (base 2) in base 8?
-2
Convert -50 (base 9) to base 4.
-231
-6 (base 14) to base 12
-6
What is 15 (base 14) in base 16?
13
What is 30 (base 14) in base 4?
222
-3 (base 7) to base 3
-10
Convert 6 (base 8) to base 6.
10
What is 4 (base 13) in base 15?
4
-2 (base 10) to base 5
-2
-1d (base 14) to base 9
-30
What is 2 (base 10) in base 16?
2
2 (base 8) to base 12
2
-14a (base 11) to base 3
-20111
45 (base 6) to base 14
21
Convert -442 (base 5) to base 2.
-1111010
What is 3 (base 8) in base 13?
3
What is 29 (base 14) in base 7?
52
What is 0 (base 8) in base 4?
0
Convert -22 (base 4) to base 6.
-14
Convert 0 (base 16) to base 7.
0
Convert -115 (base 10) to base 15.
-7a
Convert 7 (base 10) to base 13.
7
What is -22 (base 15) in base 11?
-2a
Convert 56 (base 7) to base 15.
2b
What is 1310 (base 4) in base 3?
11022
4b (base 14) to base 13
52
-210 (base 6) to base 9
-86
2 (base 10) to base 3
2
-3 (base 16) to base 13
-3
What is 0 (base 6) in base 10?
0
Convert 0 (base 15) to base 4.
0
What is 8 (base 11) in base 9?
8
122 (base 4) to base 11
24
Convert -3 (base 14) to base 15.
-3
Convert -131 (base 5) to base 16.
-29
Convert 11 (base 5) to base 8.
6
What is 51 (base 9) in base 2?
101110
4e (base 16) to base 6
210
-11 (base 4) to base 13
-5
What is -3132 (base 4) in base 10?
-222
112001 (base 3) to base 2
101111011
What is 162 (base 12) in base 4?
3122
What is 10 (base 4) in base 14?
4
Convert -28 (base 9) to base 5.
-101
Convert 1022 (base 3) to base 12.
2b
Convert 4 (base 15) to base 5.
4
What is 12 (base 14) in base 11?
15
-26 (base 14) to base 4
-202
Convert 2 (base 10) to base 5.
2
-31 (base 7) to base 6
-34
What is -2 (base 10) in base 9?
-2
What is -362 (base 8) in base 12?
-182
2 (base 16) to base 10
2
Convert -32 (base 6) to base 13.
-17
0 (base 10) to base 11
0
-5 (base 8) to base 12
-5
What is -73 (base 11) in base 5?
-310
Convert 2 (base 11) to base 9.
2
What is 223 (base 6) in base 7?
153
8 (base 10) to base 4
20
3 (base 16) to base 4
3
What is 6 (base 9) in base 2?
110
Convert -37 (base 8) to base 10.
-31
What is 22021 (base 3) in base 13?
142
What is -61 (base 13) in base 4?
-1033
What is 16 (base 7) in base 15?
d
-13 (base 15) to base 11
-17
Convert -2 (base 9) to base 6.
-2
75 (base 14) to base 11
94
What is -257 (base 8) in base 10?
-175
2 (base 12) to base 15
2
-44 (base 11) to base 7
-66
Convert 4 (base 13) to base 8.
4
Convert -206 (base 8) to base 14.
-98
What is -4 (base 9) in base 15?
-4
2 (base 16) to base 6
2
What is 7 (base 14) in base 15?
7
What is 97 (base 12) in base 4?
1303
2111 (base 3) to base 14
4b
14 (base 7) to base 9
12
What is -43 (base 16) in base 15?
-47
Convert -404 (base 5) to base 2.
-1101000
What is 5 (base 15) in base 13?
5
Convert 7 (base 10) to base 2.
111
What is -2 (base 3) in base 5?
-2
Convert -7 (base 15) to base 4.
-13
What is -2101 (base 3) in base 15?
-44
What is 10 (base 2) in base 5?
2
-2 (base 12) to base 2
-10
What is 17b (base 16) in base 4?
11323
What is -184 (base 10) in base 4?
-2320
What is 2 (base 14) in base 13?
2
Convert 100111 (base 2) to base 3.
1110
What is -1 (base 13) in base 7?
-1
Convert 11 (base 13) to base 3.
112
Convert -3031 (base 4) to base 16.
-cd
Convert 12 (base 4) to base 10.
6
-1211 (base 4) to base 11
-92
70 (base 12) to base 10
84
Convert -20 (base 7) to base 13.
-11
35 (base 7) to base 2
11010
-6 (base 7) to base 14
-6
-194 (base 10) to base 15
-ce
Convert 2 (base 10) to base 6.
2
What is 16 (base 12) in base 9?
20
-2 (base 5) to base 10
-2
-123 (base 4) to base 8
-33
What is 48 (base 11) in base 14?
3a
Convert 160 (base 9) to base 7.
252
-2 (base 7) to base 3
-2
What is 2 (base 5) in base 8?
2
Convert -a (base 12) to base 15.
-a
Convert -110 (base 3) to base 14.
-c
What is -138 (base 13) in base 16?
-d8
What is 623 (base 7) in base 6?
1235
-15 (base 13) to base 16
-12
Convert -2 (base 9) to base 6.
-2
What is 530 (base 7) in base 14?
150
-31 (base 6) to base 15
-14
Convert 4c (base 15) to base 8.
110
-20 (base 7) to base 15
-e
1 (base 13) to base 3
1
Convert -5 (base 10) to base 3.
-12
What is 74 (base 15) in base 3?
11001
Convert -42 (base 5) to base 15.
-17
What is 1000 (base 2) in base 4?
20
-2 (base 13) to base 9
-2
8 (base 15) to base 8
10
6 (base 15) to base 5
11
12200 (base 3) to base 9
180
3 (base 7) to base 6
3
Convert -117 (base 9) to base 2.
-1100001
Convert -5 (base 16) to base 8.
-5
What is 33 (base 6) in base 7?
30
-24 (base 16) to base 9
-40
What is 110 (base 6) in base 4?
222
9 (base 15) to base 2
1001
Convert -5 (base 6) to base 5.
-10
10 (base 15) to base 12
13
What is 6 (base 10) in base 3?
20
What is -2 (base 15) in base 11?
-2
-10 (base 2) to base 14
-2
4 (base 14) to base 7
4
What is -